83. Let g = -156 - o. What is the greatest common divisor of g and i?
25
Suppose 3*o - 10939 = -4*l - 3218, -2*o = 5*l - 5159. What is the highest common divisor of o and 453?
151
Let r(d) = d**3 + 4*d**2 - 12*d + 13. Let g be r(-8). Let u = g + 247. Let t = 149 - u. Calculate the highest common divisor of 7 and t.
7
Let m(d) = -d**3 + 15*d**2 - 33*d - 76. Let y be m(11). Calculate the highest common factor of 245 and y.
5
Suppose -25*z + 237888 = 93*z. Calculate the greatest common divisor of 1134 and z.
126
Let g be -14 - (2*5/2 - 5). Let c(n) = n**3 + 15*n**2 + 35. Let a be c(g). What is the highest common divisor of 66 and a?
33
Let d = -382 + 453. Suppose -4*c = -3*p - 64, 0 = 5*c - p - 9 - d. Suppose 515 = 4*b - 509. What is the greatest common divisor of c and b?
16
Suppose 0 = -10*m - 5*m + 30. Let z(h) = h**2 - 6*h + 5 - 8*h**m - h - h**3. Let y be z(-6). What is the greatest common factor of y and 1?
1
Let v be 232065756/4623 - (-4)/(-46). What is the greatest common factor of v and 38?
38
Suppose 6*u + 2*u = -40. Let b be -8*(46/(-115) + 73/u). What is the highest common divisor of 72 and b?
24
Let r = 23 - 23. Let g be 5 - (r + -13 - -3). Suppose -t + 0*t + 95 = -5*o, -5*o = 4*t - 355. What is the greatest common divisor of t and g?
15
Let b(i) = 380*i**2 + 31*i - 33. Let u be b(1). What is the highest common factor of u and 138?
6
Suppose -165*a + 162*a = 0. Suppose a = -d + 4*d - 4*f - 1594, 2*d + 4*f - 1056 = 0. Let w = d + -310. What is the highest common factor of 20 and w?
20
Let k be 80 + (-17 - (-4 + 9)). Calculate the highest common factor of 16153 and k.
29
Let n be (526 - (1 - 1)) + (1076 - 1075). What is the greatest common factor of 221 and n?
17
Suppose -5*n = -0*n - 440. Let j = -78254 + 78265. What is the highest common factor of n and j?
11
Let k(h) = 550*h + 4 - 536*h - 11. Let r be k(1). Calculate the highest common divisor of 1 and r.
1
Let s = 1820 - 1182. Calculate the highest common divisor of s and 406.
58
Let l be 244 - (-1)/(5 + -4 - 0). Let k = l + -237. What is the highest common factor of 6 and k?
2
Let s(m) = -177*m - 841. Let f be s(-5). Let c be (20 - 0)/((-3)/(-66)). Calculate the highest common factor of c and f.
44
Suppose 45*g + 4365 = -100980. Let n be g/(-4) + (-9)/36. What is the greatest common divisor of n and 45?
45
Let d = -1873 - -1938. Suppose 3*i - 3*p - 36 = 0, 4*p = -2*i + 2*p + 28. Calculate the greatest common factor of d and i.
13
Suppose 0 = a + 5*a. Suppose 7 = -g - 3*y, -2*g + 0*y + y + 21 = a. Let n be (-5889)/(-755) + (-1)/(-5). What is the highest common divisor of g and n?
8
Suppose 550 = -3*x + 4*x. Suppose 17*r - x = 12*r. Suppose -8*i + 110 = -3*i. What is the highest common factor of r and i?
22
Let v = 53 - 66. Let g = v - -8. Let c be 5/g*-28*1. What is the highest common divisor of c and 42?
14
Let l be (91 + 1/(3 - 1))*(-132496)/(-1014). Calculate the highest common divisor of l and 488.
244
Let p be 145/(0 - 7/(-7)). Let m = p - 91. What is the highest common divisor of 27 and m?
27
Let w(u) = -78*u**2 + 2028*u + 30. Let k be w(25). What is the greatest common factor of 80 and k?
20
Let o be 1*(2 + (-1 - 1)) - -22. Let g = o + 13. Calculate the highest common factor of g and 10.
5
Let i be (16/(-6) - -2)/(2/6). Let b(h) = 29*h + 7. Let u be b(i). Let n = u - -135. Calculate the highest common factor of 12 and n.
12
Suppose -3*o + 507 = -2*y + 1208, 0 = -2*y + 2*o + 696. Let v(k) = 6*k**2 - 51*k + 22. Let x be v(9). What is the highest common factor of x and y?
49
Let h(j) = 24*j - 69. Let k be h(3). Let o be (-4 + -1)*-25 + -2. Calculate the greatest common divisor of o and k.
3
Let m be (-8)/(-48)*6 + -4. Let v(x) = x**2 + 5*x - 2. Let q be v(-5). Let a be 7/(1*(q - m)). What is the greatest common divisor of 63 and a?
7
Suppose 5*s - 9884 = -2*r, -3*s - 14*r = -15*r - 5937. Calculate the greatest common factor of s and 172.
86
Suppose -5*y + 2 + 48 = 0. Suppose -y*w - 3 = -13. What is the greatest common factor of 6 and w?
1
Let x(p) = 6*p**2 + 50*p + 108. Let j be x(-6). Let c(z) = 2*z - 3. Let n be c(3). Let b = 6 - n. Calculate the greatest common factor of b and j.
3
Suppose -61*p + 24570 = 44*p. What is the greatest common divisor of p and 78?
78
Let q = -1309 - -3228. What is the highest common divisor of q and 95?
19
Let g(a) = a**3 - a**2 - 14*a - 30. Let k be g(6). Suppose -74 - k = -28*r. Suppose 0 = -0*d - 5*d + 15. What is the highest common factor of d and r?
1
Let o(v) = 86*v - 2. Let m be o(2). Suppose -4*x + 51 = 2*f + 23, 2 = x. Calculate the highest common divisor of m and f.
10
Let q(l) = -23*l + 1430. Let g be q(-38). What is the highest common divisor of g and 27?
9
Let x(s) = -5*s + 2. Let j be x(-4). Let z be 10*176/(-2 + 10). Suppose -5*t + 55 = -z. Calculate the highest common factor of j and t.
11
Suppose 0 = -p + 617*b - 620*b + 1107, -5*p = 4*b - 5535. Calculate the greatest common divisor of p and 779.
41
Suppose 0 = -8*x - 24. Let a be (5 + x)*(-7)/(-2). Suppose -4*z = 2*w - 52, a*w = -5*z + 3*w + 68. What is the highest common factor of z and 8?
4
Let n = 195 - 164. Suppose -2*d = -39 - n. Calculate the highest common divisor of 245 and d.
35
Let k = -748 + 758. What is the greatest common divisor of k and 5570?
10
Let b be (6/12)/(2 - 63/30). Let h(v) = v**3 + 6*v**2 + 3*v + 1. Let l be h(b). What is the greatest common divisor of l and 99?
11
Let f(a) be the second derivative of 5*a**4/12 + 23*a**3/3 + 9*a**2/2 + 228*a. Let i be f(-11). Calculate the highest common divisor of 24 and i.
12
Let u(x) = 6*x**2 + 6*x - 6. Suppose -8*d + 18 = -2*d. Let y be u(d). Let j = -46 - -68. What is the greatest common divisor of y and j?
22
Suppose 5*v - 932 = -4*s, 32*s + 2*v = 35*s - 722. What is the greatest common factor of s and 2550?
34
Let u(f) = -7*f**2 + 1136*f - 1045. Let m be u(161). Calculate the highest common factor of 1111 and m.
101
Let m(c) = c**2 + c. Let v(y) = 4*y + 94. Let x be v(-23). Let u be m(x). Calculate the highest common factor of u and 3.
3
Let z = 703 - 403. Suppose -170 - z = -10*f. What is the highest common factor of f and 47?
47
Let l = -17 + 18. Let o(h) = 6*h**2 - 2*h + 1. Let v be o(l). Suppose y - 3*a - 22 = 0, 2*y - v*a - 24 = 18. Calculate the greatest common divisor of 8 and y.
8
Let p = -394 + 401. Suppose 906 = 2*u + u - w, -3*u - 4*w + 891 = 0. Calculate the greatest common factor of p and u.
7
Let x(r) = -294*r - 3795. Let t be x(-15). Calculate the greatest common divisor of t and 255.
15
Let q be (-3)/(21 - 0) - ((-10491584)/224)/17. Calculate the greatest common factor of 1045 and q.
95
Let c(d) = -8*d - 78. Let p be c(-10). Let b(n) = 248*n + 1. Let f be b(p). What is the greatest common divisor of 7 and f?
7
Suppose -4*r + 4079 = -5*f - 1455, 2*f - 4 = 0. Calculate the highest common divisor of 1232 and r.
154
Let b be 0 + (-2)/(-2) + 5. Let v be (288/(-14))/((-7)/49). Let s be ((-2)/(-8))/((-2)/v*-6). Calculate the greatest common divisor of s and b.
3
Let h = 10 + 34. Let z be (-82)/287 + (-1234)/(-7). Calculate the highest common divisor of z and h.
44
Suppose -149 + 165 = 8*v. Suppose 77 = 5*l + v. What is the greatest common divisor of 45 and l?
15
Suppose -179 = 4*f + 125. Let w = 80 + f. Suppose -1596 = -5*v + y, v + w*y - 1296 = -3*v. What is the highest common divisor of v and 40?
40
Let s(h) be the first derivative of 18 - 13/2*h**2 - 4*h**3 - 15*h - 1/4*h**4. Let c be s(-11). What is the highest common divisor of c and 28?
7
Let v(i) = -184 - 11*i**3 + 10*i**3 - 31*i**2 - 194*i + 187*i. Let z be v(-31). Suppose 2*f - 15 = 7. What is the greatest common factor of f and z?
11
Let h be -2 - 4 - 1592/(-199). What is the highest common divisor of h and 1116?
2
Let c = -4303 - -4365. What is the highest common factor of 18 and c?
2
Let s = 104 - 39. Let h = s - 21. What is the highest common factor of h and 352?
44
Suppose 29*r - 194 = -3*l + 25*r, -4*l + 2*r = -266. Calculate the greatest common divisor of l and 143.
11
Let u be 3415/6 - (-4)/(-24). Suppose -6*q + 2153 - u = 0. What is the highest common factor of 24 and q?
24
Let j = -54 - -27. Let s be (-2)/3*-9*j/(-6). Suppose 3*x - s = -0*x. Calculate the highest common divisor of x and 45.
9
Suppose 452*b = -456*b + 911*b - 1653. 